{"id":55,"date":"2022-07-15T11:46:20","date_gmt":"2022-07-15T17:46:20","guid":{"rendered":"http:\/\/fundacionhorizontes.com\/?page_id=55"},"modified":"2022-12-28T15:19:37","modified_gmt":"2022-12-28T21:19:37","slug":"pyme","status":"publish","type":"page","link":"https:\/\/fundacionhorizontes.com\/index.php\/pyme\/","title":{"rendered":"PYME"},"content":{"rendered":"\n<div class=\"is-layout-flow wp-block-group alignfull\"><div class=\"wp-block-group__inner-container\">\n<div class=\"is-layout-flex wp-container-2 wp-block-columns alignfull\">\n<div class=\"is-layout-flow wp-block-column fondogeneral2\" style=\"flex-basis:100%\">\n<div style=\"height:10px\" aria-hidden=\"true\" class=\"wp-block-spacer\"><\/div>\n\n\n\n<h1 class=\"has-text-align-center has-black-color has-text-color\">Cr\u00e9dito PYME<\/h1>\n<\/div>\n<\/div>\n<\/div><\/div>\n\n\n\n<div class=\"is-layout-flow wp-block-group\"><div class=\"wp-block-group__inner-container\">\n<div class=\"is-layout-flex wp-container-7 wp-block-columns\">\n<div class=\"is-layout-flow wp-elements-7d82742ce0f1b6ca3951f6e0129d35f0 wp-block-column bordegeneral has-white-background-color has-text-color has-background has-link-color\" style=\"color:#000000;padding-top:2em;padding-right:2em;padding-bottom:2em;padding-left:2em\">\n<h2 class=\"has-text-align-center has-black-color has-text-color\" id=\"patron\" style=\"font-size:30px\">Descripci\u00f3n <br>General<\/h2>\n\n\n\n<hr class=\"wp-block-separator has-text-color has-pale-cyan-blue-color has-alpha-channel-opacity has-pale-cyan-blue-background-color has-background is-style-wide\"\/>\n\n\n\n<ul>\n<li>Pr\u00e9stamo enfocado en apoyar el crecimiento de las peque\u00f1as y medianas empresas a trav\u00e9s de diferentes opciones de financiamiento.<\/li>\n<\/ul>\n<\/div>\n\n\n\n<div class=\"is-layout-flow wp-elements-f06b481ada86cb11ea391c6782b63060 wp-block-column bordegeneral2 has-white-background-color has-text-color has-background has-link-color\" style=\"color:#000000;padding-top:2em;padding-right:2em;padding-bottom:2em;padding-left:2em\">\n<h2 class=\"has-text-align-center has-black-color has-text-color\" style=\"font-size:30px\">Plazos y tasa de inter\u00e9s<\/h2>\n\n\n\n<hr class=\"wp-block-separator has-text-color has-luminous-vivid-amber-color has-alpha-channel-opacity has-luminous-vivid-amber-background-color has-background is-style-wide\"\/>\n\n\n\n<ul>\n<li>Intereses a la comodidad de su bolsillo. Nos adaptamos a su presupuesto, con tasas accesibles, y plazos que se ajusten a sus necesidades.<\/li>\n<\/ul>\n<\/div>\n\n\n\n<div class=\"is-layout-flow wp-elements-475526984e12c85129bfbe7816b460fa wp-block-column bordegeneral has-white-background-color has-text-color has-background has-link-color\" style=\"color:#000000;padding-top:2em;padding-right:2em;padding-bottom:2em;padding-left:2em\">\n<h2 class=\"has-text-align-center has-black-color has-text-color\" id=\"single\" style=\"font-size:30px\">Requisitos Generales<\/h2>\n\n\n\n<hr class=\"wp-block-separator has-text-color has-pale-cyan-blue-color has-alpha-channel-opacity has-pale-cyan-blue-background-color has-background is-style-wide\"\/>\n\n\n\n<ul>\n<li>Ser mayor de 21 a\u00f1os.<\/li>\n\n\n\n<li>Poseer DNI.<\/li>\n\n\n\n<li>Recibos de servicios p\u00fablicos.<\/li>\n\n\n\n<li>Tener una fuente de ingresos.<\/li>\n<\/ul>\n<\/div>\n<\/div>\n<\/div><\/div>\n\n\n\n<div class=\"is-layout-flow wp-block-group\"><div class=\"wp-block-group__inner-container\">\n<div class=\"wp-block-media-text is-stacked-on-mobile\" style=\"grid-template-columns:25% auto\"><figure class=\"wp-block-media-text__media\"><img decoding=\"async\" loading=\"lazy\" width=\"1024\" height=\"1024\" src=\"https:\/\/fundacionhorizontes.com\/wp-content\/uploads\/2022\/07\/Pymee-1024x1024.jpg\" alt=\"\" class=\"wp-image-577 size-full\" srcset=\"https:\/\/fundacionhorizontes.com\/wp-content\/uploads\/2022\/07\/Pymee-1024x1024.jpg 1024w, https:\/\/fundacionhorizontes.com\/wp-content\/uploads\/2022\/07\/Pymee-300x300.jpg 300w, https:\/\/fundacionhorizontes.com\/wp-content\/uploads\/2022\/07\/Pymee-150x150.jpg 150w, https:\/\/fundacionhorizontes.com\/wp-content\/uploads\/2022\/07\/Pymee-768x768.jpg 768w, https:\/\/fundacionhorizontes.com\/wp-content\/uploads\/2022\/07\/Pymee.jpg 1320w\" sizes=\"(max-width: 1024px) 100vw, 1024px\" \/><\/figure><div class=\"wp-block-media-text__content\">\n<h3 class=\"has-text-align-center has-black-color has-text-color\"><strong>Acceso a capital de forma r\u00e1pida para continuar con su ciclo operativo, con plazos y tasas de acuerdo a su necesidad y operatividad de la empresa.<\/strong><\/h3>\n\n\n\n<div class=\"is-horizontal is-content-justification-center is-layout-flex wp-container-9 wp-block-buttons\">\n<div class=\"wp-block-button has-custom-width wp-block-button__width-50 is-style-outline\"><a class=\"wp-block-button__link has-black-color has-white-background-color has-text-color has-background wp-element-button\" href=\"https:\/\/fundacionhorizontes.com\/index.php\/contactenos\/\"><strong>Cont\u00e1ctenos<\/strong><\/a><\/div>\n<\/div>\n<\/div><\/div>\n<\/div><\/div>\n\n\n\n<div class=\"is-layout-flow wp-block-group\"><div class=\"wp-block-group__inner-container\">\n<div style=\"height:20px\" aria-hidden=\"true\" class=\"wp-block-spacer\"><\/div>\n<\/div><\/div>\n\n\n\n<div class=\"is-layout-flow wp-block-group\"><div class=\"wp-block-group__inner-container\">\n<div class=\"is-layout-flex wp-container-14 wp-block-columns are-vertically-aligned-center fondogeneral2 has-black-color has-white-background-color has-text-color has-background\">\n<div class=\"is-layout-flow wp-block-column is-vertically-aligned-center has-black-color has-text-color\">\n<h2 class=\"has-text-align-center has-black-color has-text-color\">   Caracter\u00edsticas<\/h2>\n\n\n\n<ul>\n<li><strong>Destino:<\/strong> Activo fijo y capital de trabajo<\/li>\n\n\n\n<li><strong>Montos:<\/strong> Desde L 300,000.01 en adelante.<\/li>\n\n\n\n<li><strong>Garant\u00edas:<\/strong> Hipotecaria o mixta.<\/li>\n\n\n\n<li><strong>Seguros:<\/strong> Proteccion Horizontes, Seguro de Deuda.<\/li>\n<\/ul>\n<\/div>\n\n\n\n<div class=\"is-layout-flow wp-block-column is-vertically-aligned-center\" style=\"flex-basis:33.33%\"><div class=\"wp-block-image is-style-default\">\n<figure class=\"aligncenter size-thumbnail\"><img decoding=\"async\" loading=\"lazy\" width=\"150\" height=\"150\" src=\"https:\/\/fundacionhorizontes.com\/wp-content\/uploads\/2022\/07\/empresa-150x150.png\" alt=\"iconopyme\" class=\"wp-image-541\" srcset=\"https:\/\/fundacionhorizontes.com\/wp-content\/uploads\/2022\/07\/empresa-150x150.png 150w, https:\/\/fundacionhorizontes.com\/wp-content\/uploads\/2022\/07\/empresa-300x300.png 300w, https:\/\/fundacionhorizontes.com\/wp-content\/uploads\/2022\/07\/empresa.png 512w\" sizes=\"(max-width: 150px) 100vw, 150px\" \/><\/figure><\/div><\/div>\n<\/div>\n<\/div><\/div>\n","protected":false},"excerpt":{"rendered":"<p>Cr\u00e9dito PYME Descripci\u00f3n General Plazos y tasa de inter\u00e9s Requisitos Generales Acceso a capital de forma r\u00e1pida para continuar con su ciclo operativo, con plazos y tasas de acuerdo a &#8230;<\/p>\n","protected":false},"author":2,"featured_media":0,"parent":0,"menu_order":0,"comment_status":"closed","ping_status":"closed","template":"","meta":[],"_links":{"self":[{"href":"https:\/\/fundacionhorizontes.com\/index.php\/wp-json\/wp\/v2\/pages\/55"}],"collection":[{"href":"https:\/\/fundacionhorizontes.com\/index.php\/wp-json\/wp\/v2\/pages"}],"about":[{"href":"https:\/\/fundacionhorizontes.com\/index.php\/wp-json\/wp\/v2\/types\/page"}],"author":[{"embeddable":true,"href":"https:\/\/fundacionhorizontes.com\/index.php\/wp-json\/wp\/v2\/users\/2"}],"replies":[{"embeddable":true,"href":"https:\/\/fundacionhorizontes.com\/index.php\/wp-json\/wp\/v2\/comments?post=55"}],"version-history":[{"count":15,"href":"https:\/\/fundacionhorizontes.com\/index.php\/wp-json\/wp\/v2\/pages\/55\/revisions"}],"predecessor-version":[{"id":3539,"href":"https:\/\/fundacionhorizontes.com\/index.php\/wp-json\/wp\/v2\/pages\/55\/revisions\/3539"}],"wp:attachment":[{"href":"https:\/\/fundacionhorizontes.com\/index.php\/wp-json\/wp\/v2\/media?parent=55"}],"curies":[{"name":"wp","href":"https:\/\/api.w.org\/{rel}","templated":true}]}}